{"id":24,"date":"2024-10-22T17:38:04","date_gmt":"2024-10-22T17:38:04","guid":{"rendered":"https:\/\/puebla420.com\/?page_id=24"},"modified":"2024-10-22T17:38:04","modified_gmt":"2024-10-22T17:38:04","slug":"metatags3","status":"publish","type":"page","link":"https:\/\/puebla420.com\/index.php\/metatags3\/","title":{"rendered":"metatags3"},"content":{"rendered":"<p>Centro Hist\u00f3rico Puebla, Cholula, Catedral de Puebla, Estrella de Puebla, Africam Safari, Parque Nacional Izta-Popo, Museo Amparo, Puebla de los \u00c1ngeles, Casa de los Mu\u00f1ecos, Paseo Bravo, Mercado El Carmen, Biblioteca Palafoxiana, Capilla del Rosario, Barrio del Artista, F\u00e1brica de Talavera, Plaza de la Victoria, Z\u00f3calo de Puebla, Museo Jos\u00e9 Luis Bello, Templo de Santo Domingo, Parque La Libertad, Jard\u00edn del Arte, Los Fuertes de Loreto y Guadalupe, Ciudad Universitaria BUAP, Talavera de Puebla, Iglesia de San Francisco, Parque Estatal Flor del Bosque, Callej\u00f3n de los Sapos, Museo de la Revoluci\u00f3n, Parque Bicentenario, Museo de la M\u00fasica, Ruta de la Talavera, La Malinche, Barrio de San Francisco, Templo de la Compa\u00f1\u00eda, Mercado de Sabores, Pueblo M\u00e1gico de Cholula, Casa de la Cultura, Casa del Deporte, Casa de la M\u00fasica, Hotel La Purificadora, Puente de Puebla, Plaza de la Independencia, Museo del Ferrocarril, Ex Convento de San Francisco, Calle 2 Oriente, Parque del Arte, Centro Expositor Puebla, Templo de San Jos\u00e9, Paseo de San Francisco, Jard\u00edn de Analco, Museo del Ej\u00e9rcito, Parque de los Fuertes, Parque Xonaca, Iglesia de Santa Mar\u00eda Tonantzintla, Parque de la Noria, Ruta de los Conventos, Parque Nacional Pico de Orizaba, Casa del Artesano, Centro Hist\u00f3rico de Cholula, Casa de la Ciudad, Templo de San Juan de Dios, Museo de Historia de Puebla, Ex Hacienda de Chautla, Parque Ecol\u00f3gico Revoluci\u00f3n Mexicana, Plaza de los Sapos, Museo de la Ciudad, Mercado de la Merced, Biblioteca Central BUAP, Museo de los Ferrocarriles Mexicanos, El Para\u00edso, Museo de la Talavera, Museo del Chocolate, Jard\u00edn de la Constancia, Palacio Municipal de Puebla, Arco de Puebla, Paseo del R\u00edo Atoyac, Parque de los Venados, Monumento a Ignacio Zaragoza, Museo de Arte Virreinal, Parque Ju\u00e1rez, Plaza de la Democracia, Paseo de los Artistas, Templo de San Miguel, Puente de Bubas, Casa de los Hermanos Serd\u00e1n, Centro de Artes Visuales, Iglesia de San Pedro, Teatro Principal, Parque de los Ni\u00f1os H\u00e9roes, Casa de la Cultura de Cholula, Museo de Arte Contempor\u00e1neo, Plaza San Juan de Dios, Ex Convento de Santa Clara, Monumento a los Ca\u00eddos, Jard\u00edn de los Sapos, Parque El Ecobici, Centro Cultural Puebla, Ex Convento de San Agust\u00edn, Mercado de Indios, Museo Universitario, Jard\u00edn de Santa Rosa, Calle 16 de Septiembre, El Callej\u00f3n del Aguacate, Plaza de la Paz, Mercado de La Victoria, Centro Comercial Angel\u00f3polis, Centro de Convenciones Puebla, Parque Metropolitano, Casa de la Cultura de Puebla, Ex Convento de San Jer\u00f3nimo, Parque Nacional Ca\u00f1\u00f3n del Sumidero, Centro Recreativo, Plaza del Arte, Templo de San Sebasti\u00e1n, Acueducto de Puebla, Casa de los Abuelos, Plaza de la Rep\u00fablica.<\/p>\n","protected":false},"excerpt":{"rendered":"<p>Centro Hist\u00f3rico Puebla, Cholula, Catedral de Puebla, Estrella de Puebla, Africam Safari, Parque Nacional Izta-Popo, Museo Amparo, Puebla de los \u00c1ngeles, Casa de los Mu\u00f1ecos, Paseo Bravo, Mercado El Carmen, Biblioteca Palafoxiana, Capilla del Rosario, Barrio del Artista, F\u00e1brica de Talavera, Plaza de la Victoria, Z\u00f3calo de Puebla, Museo Jos\u00e9 Luis Bello, Templo de Santo [&hellip;]<\/p>\n","protected":false},"author":1,"featured_media":0,"parent":0,"menu_order":0,"comment_status":"closed","ping_status":"closed","template":"","meta":{"footnotes":""},"class_list":["post-24","page","type-page","status-publish","hentry"],"_links":{"self":[{"href":"https:\/\/puebla420.com\/index.php\/wp-json\/wp\/v2\/pages\/24","targetHints":{"allow":["GET"]}}],"collection":[{"href":"https:\/\/puebla420.com\/index.php\/wp-json\/wp\/v2\/pages"}],"about":[{"href":"https:\/\/puebla420.com\/index.php\/wp-json\/wp\/v2\/types\/page"}],"author":[{"embeddable":true,"href":"https:\/\/puebla420.com\/index.php\/wp-json\/wp\/v2\/users\/1"}],"replies":[{"embeddable":true,"href":"https:\/\/puebla420.com\/index.php\/wp-json\/wp\/v2\/comments?post=24"}],"version-history":[{"count":1,"href":"https:\/\/puebla420.com\/index.php\/wp-json\/wp\/v2\/pages\/24\/revisions"}],"predecessor-version":[{"id":25,"href":"https:\/\/puebla420.com\/index.php\/wp-json\/wp\/v2\/pages\/24\/revisions\/25"}],"wp:attachment":[{"href":"https:\/\/puebla420.com\/index.php\/wp-json\/wp\/v2\/media?parent=24"}],"curies":[{"name":"wp","href":"https:\/\/api.w.org\/{rel}","templated":true}]}}